{"id":3486,"date":"2022-03-31T01:06:26","date_gmt":"2022-03-31T01:06:26","guid":{"rendered":"https:\/\/gobqro.gob.mx\/cecaqro\/?page_id=3486"},"modified":"2022-03-31T01:25:36","modified_gmt":"2022-03-31T01:25:36","slug":"programa","status":"publish","type":"page","link":"https:\/\/gobqro.gob.mx\/cecaqro\/programa\/","title":{"rendered":"Programa Estatal de Prevenci\u00f3n y Tratamiento Integral de Adicciones"},"content":{"rendered":"\t\t<div data-elementor-type=\"wp-page\" data-elementor-id=\"3486\" class=\"elementor elementor-3486\" data-elementor-settings=\"{&quot;ha_cmc_init_switcher&quot;:&quot;no&quot;}\">\n\t\t\t\t\t\t<section class=\"elementor-section elementor-top-section elementor-element elementor-element-6d1d4677 elementor-section-boxed elementor-section-height-default elementor-section-height-default\" data-id=\"6d1d4677\" data-element_type=\"section\" data-e-type=\"section\" data-settings=\"{&quot;_ha_eqh_enable&quot;:false}\">\n\t\t\t\t\t\t<div class=\"elementor-container elementor-column-gap-default\">\n\t\t\t\t\t<div class=\"elementor-column elementor-col-100 elementor-top-column elementor-element elementor-element-1631cd4e\" data-id=\"1631cd4e\" data-element_type=\"column\" data-e-type=\"column\">\n\t\t\t<div class=\"elementor-widget-wrap\">\n\t\t\t\t\t\t\t<\/div>\n\t\t<\/div>\n\t\t\t\t\t<\/div>\n\t\t<\/section>\n\t\t\t\t<section class=\"elementor-section elementor-top-section elementor-element elementor-element-adb8666 elementor-section-boxed elementor-section-height-default elementor-section-height-default\" data-id=\"adb8666\" data-element_type=\"section\" data-e-type=\"section\" data-settings=\"{&quot;_ha_eqh_enable&quot;:false}\">\n\t\t\t\t\t\t<div class=\"elementor-container elementor-column-gap-default\">\n\t\t\t\t\t<div class=\"elementor-column elementor-col-50 elementor-top-column elementor-element elementor-element-a971b2a\" data-id=\"a971b2a\" data-element_type=\"column\" data-e-type=\"column\">\n\t\t\t<div class=\"elementor-widget-wrap elementor-element-populated\">\n\t\t\t\t\t\t<div class=\"elementor-element elementor-element-e177106 elementor-widget elementor-widget-image\" data-id=\"e177106\" data-element_type=\"widget\" data-e-type=\"widget\" data-widget_type=\"image.default\">\n\t\t\t\t<div class=\"elementor-widget-container\">\n\t\t\t\t\t\t\t\t\t\t\t\t\t\t\t<img fetchpriority=\"high\" decoding=\"async\" width=\"614\" height=\"800\" src=\"https:\/\/gobqro.gob.mx\/cecaqro\/wp-content\/uploads\/2022\/03\/programaPrevTratamiento.jpg\" class=\"attachment-large size-large wp-image-3478\" alt=\"\" srcset=\"https:\/\/gobqro.gob.mx\/cecaqro\/wp-content\/uploads\/2022\/03\/programaPrevTratamiento.jpg 614w, https:\/\/gobqro.gob.mx\/cecaqro\/wp-content\/uploads\/2022\/03\/programaPrevTratamiento-230x300.jpg 230w, https:\/\/gobqro.gob.mx\/cecaqro\/wp-content\/uploads\/2022\/03\/programaPrevTratamiento-253x330.jpg 253w, https:\/\/gobqro.gob.mx\/cecaqro\/wp-content\/uploads\/2022\/03\/programaPrevTratamiento-138x180.jpg 138w\" sizes=\"(max-width: 614px) 100vw, 614px\" \/>\t\t\t\t\t\t\t\t\t\t\t\t\t\t\t<\/div>\n\t\t\t\t<\/div>\n\t\t\t\t<div class=\"elementor-element elementor-element-c4ca84b elementor-widget elementor-widget-spacer\" data-id=\"c4ca84b\" data-element_type=\"widget\" data-e-type=\"widget\" data-widget_type=\"spacer.default\">\n\t\t\t\t<div class=\"elementor-widget-container\">\n\t\t\t\t\t\t\t<div class=\"elementor-spacer\">\n\t\t\t<div class=\"elementor-spacer-inner\"><\/div>\n\t\t<\/div>\n\t\t\t\t\t\t<\/div>\n\t\t\t\t<\/div>\n\t\t\t\t<div class=\"elementor-element elementor-element-6f19f6a elementor-align-right elementor-widget elementor-widget-button\" data-id=\"6f19f6a\" data-element_type=\"widget\" data-e-type=\"widget\" data-widget_type=\"button.default\">\n\t\t\t\t<div class=\"elementor-widget-container\">\n\t\t\t\t\t\t\t\t\t<div class=\"elementor-button-wrapper\">\n\t\t\t\t\t<a class=\"elementor-button elementor-button-link elementor-size-md\" href=\"https:\/\/gobqro.gob.mx\/cecaqro\/wp-content\/uploads\/2022\/03\/prevencionTratamiento-2021-2027.pdf\" target=\"_blank\">\n\t\t\t\t\t\t<span class=\"elementor-button-content-wrapper\">\n\t\t\t\t\t\t<span class=\"elementor-button-icon\">\n\t\t\t\t<i aria-hidden=\"true\" class=\"far fa-file-pdf\"><\/i>\t\t\t<\/span>\n\t\t\t\t\t\t\t\t\t<span class=\"elementor-button-text\">DESCARGA<\/span>\n\t\t\t\t\t<\/span>\n\t\t\t\t\t<\/a>\n\t\t\t\t<\/div>\n\t\t\t\t\t\t\t\t<\/div>\n\t\t\t\t<\/div>\n\t\t\t\t\t<\/div>\n\t\t<\/div>\n\t\t\t\t<div class=\"elementor-column elementor-col-50 elementor-top-column elementor-element elementor-element-2aae751\" data-id=\"2aae751\" data-element_type=\"column\" data-e-type=\"column\">\n\t\t\t<div class=\"elementor-widget-wrap elementor-element-populated\">\n\t\t\t\t\t\t<div class=\"elementor-element elementor-element-b6bee02 elementor-widget elementor-widget-heading\" data-id=\"b6bee02\" data-element_type=\"widget\" data-e-type=\"widget\" data-widget_type=\"heading.default\">\n\t\t\t\t<div class=\"elementor-widget-container\">\n\t\t\t\t\t<h2 class=\"elementor-heading-title elementor-size-default\">Antecedentes<\/h2>\t\t\t\t<\/div>\n\t\t\t\t<\/div>\n\t\t\t\t<div class=\"elementor-element elementor-element-ac97c9e elementor-widget elementor-widget-text-editor\" data-id=\"ac97c9e\" data-element_type=\"widget\" data-e-type=\"widget\" data-widget_type=\"text-editor.default\">\n\t\t\t\t<div class=\"elementor-widget-container\">\n\t\t\t\t\t\t\t\t\t<p style=\"text-align: justify;\">El consumo de sustancias psicoactivas en M\u00e9xico constituye un problema de salud p\u00fablica, que ha ido incrementando su impacto en la sociedad con el paso de los a\u00f1os, en medida que se han agudizado factores como la violencia, la desigualdad, la discriminaci\u00f3n y la exclusi\u00f3n, aunado a la falta de una pol\u00edtica integral que considere las condiciones de heterogeneidad de la sociedad. <br \/><br \/>El trastorno por uso de sustancias es una de las entidades contempladas dentro de la salud mental, entendi\u00e9ndolo como la existencia de un problema de salud mental a la par con el consumo de sustancias. <br \/>Sin embargo, la problem\u00e1tica de la existencia de ambos padecimientos est\u00e1 siendo m\u00e1s com\u00fan hoy en d\u00eda y la incidencia de uno con otro incrementa la severidad de los s\u00edntomas asociados. <br \/><br \/>Tanto los problemas de salud mental como el consumo abusivo de sustancias tienen factores de riesgo que resultan prevenibles cuando se informa a la poblaci\u00f3n sobre estos temas donde el elemento biopsicosocial, el abordaje multifactorial nos ayuda al entendimiento m\u00e1s integral del fen\u00f3meno.<\/p><p style=\"text-align: justify;\">En los cuales, juegan un papel sustancial el grado de cohesi\u00f3n social y el sentido de comunidad, ya que en la medida en que estos factores se degradan, los factores de protecci\u00f3n en el entorno se vuelven mucho m\u00e1s complejos, dejando a los individuos vulnerables a factores de riesgo.<\/p>\t\t\t\t\t\t\t\t<\/div>\n\t\t\t\t<\/div>\n\t\t\t\t\t<\/div>\n\t\t<\/div>\n\t\t\t\t\t<\/div>\n\t\t<\/section>\n\t\t\t\t<\/div>\n\t\t","protected":false},"excerpt":{"rendered":"<p>DESCARGA Antecedentes El consumo de sustancias psicoactivas en M\u00e9xico constituye un problema de salud p\u00fablica, que ha ido incrementando su impacto en la sociedad con el paso de los a\u00f1os, en medida que se han agudizado factores como la violencia, la desigualdad, la discriminaci\u00f3n y la exclusi\u00f3n, aunado a la.<\/p>\n","protected":false},"author":1,"featured_media":0,"parent":0,"menu_order":0,"comment_status":"closed","ping_status":"closed","template":"","meta":{"footnotes":""},"class_list":["post-3486","page","type-page","status-publish","hentry","no-post-thumbnail"],"yoast_head":"<!-- This site is optimized with the Yoast SEO plugin v27.3 - https:\/\/yoast.com\/product\/yoast-seo-wordpress\/ -->\n<title>Programa Estatal de Prevenci\u00f3n y Tratamiento Integral de Adicciones - CECA QUER\u00c9TARO<\/title>\n<meta name=\"robots\" content=\"index, follow, max-snippet:-1, max-image-preview:large, max-video-preview:-1\" \/>\n<link rel=\"canonical\" href=\"https:\/\/gobqro.gob.mx\/cecaqro\/programa\/\" \/>\n<meta property=\"og:locale\" content=\"es_MX\" \/>\n<meta property=\"og:type\" content=\"article\" \/>\n<meta property=\"og:title\" content=\"Programa Estatal de Prevenci\u00f3n y Tratamiento Integral de Adicciones - CECA QUER\u00c9TARO\" \/>\n<meta property=\"og:description\" content=\"DESCARGA Antecedentes El consumo de sustancias psicoactivas en M\u00e9xico constituye un problema de salud p\u00fablica, que ha ido incrementando su impacto en la sociedad con el paso de los a\u00f1os, en medida que se han agudizado factores como la violencia, la desigualdad, la discriminaci\u00f3n y la exclusi\u00f3n, aunado a la.\" \/>\n<meta property=\"og:url\" content=\"https:\/\/gobqro.gob.mx\/cecaqro\/programa\/\" \/>\n<meta property=\"og:site_name\" content=\"CECA QUER\u00c9TARO\" \/>\n<meta property=\"article:modified_time\" content=\"2022-03-31T01:25:36+00:00\" \/>\n<meta property=\"og:image\" content=\"https:\/\/gobqro.gob.mx\/cecaqro\/wp-content\/uploads\/2022\/03\/programaPrevTratamiento.jpg\" \/>\n<meta name=\"twitter:card\" content=\"summary_large_image\" \/>\n<meta name=\"twitter:label1\" content=\"Tiempo de lectura\" \/>\n\t<meta name=\"twitter:data1\" content=\"1 minuto\" \/>\n<script type=\"application\/ld+json\" class=\"yoast-schema-graph\">{\"@context\":\"https:\\\/\\\/schema.org\",\"@graph\":[{\"@type\":\"WebPage\",\"@id\":\"https:\\\/\\\/gobqro.gob.mx\\\/cecaqro\\\/programa\\\/\",\"url\":\"https:\\\/\\\/gobqro.gob.mx\\\/cecaqro\\\/programa\\\/\",\"name\":\"Programa Estatal de Prevenci\u00f3n y Tratamiento Integral de Adicciones - CECA QUER\u00c9TARO\",\"isPartOf\":{\"@id\":\"https:\\\/\\\/gobqro.gob.mx\\\/cecaqro\\\/#website\"},\"primaryImageOfPage\":{\"@id\":\"https:\\\/\\\/gobqro.gob.mx\\\/cecaqro\\\/programa\\\/#primaryimage\"},\"image\":{\"@id\":\"https:\\\/\\\/gobqro.gob.mx\\\/cecaqro\\\/programa\\\/#primaryimage\"},\"thumbnailUrl\":\"https:\\\/\\\/gobqro.gob.mx\\\/cecaqro\\\/wp-content\\\/uploads\\\/2022\\\/03\\\/programaPrevTratamiento.jpg\",\"datePublished\":\"2022-03-31T01:06:26+00:00\",\"dateModified\":\"2022-03-31T01:25:36+00:00\",\"breadcrumb\":{\"@id\":\"https:\\\/\\\/gobqro.gob.mx\\\/cecaqro\\\/programa\\\/#breadcrumb\"},\"inLanguage\":\"es\",\"potentialAction\":[{\"@type\":\"ReadAction\",\"target\":[\"https:\\\/\\\/gobqro.gob.mx\\\/cecaqro\\\/programa\\\/\"]}]},{\"@type\":\"ImageObject\",\"inLanguage\":\"es\",\"@id\":\"https:\\\/\\\/gobqro.gob.mx\\\/cecaqro\\\/programa\\\/#primaryimage\",\"url\":\"https:\\\/\\\/gobqro.gob.mx\\\/cecaqro\\\/wp-content\\\/uploads\\\/2022\\\/03\\\/programaPrevTratamiento.jpg\",\"contentUrl\":\"https:\\\/\\\/gobqro.gob.mx\\\/cecaqro\\\/wp-content\\\/uploads\\\/2022\\\/03\\\/programaPrevTratamiento.jpg\",\"width\":614,\"height\":800},{\"@type\":\"BreadcrumbList\",\"@id\":\"https:\\\/\\\/gobqro.gob.mx\\\/cecaqro\\\/programa\\\/#breadcrumb\",\"itemListElement\":[{\"@type\":\"ListItem\",\"position\":1,\"name\":\"Inicio\",\"item\":\"https:\\\/\\\/gobqro.gob.mx\\\/cecaqro\\\/\"},{\"@type\":\"ListItem\",\"position\":2,\"name\":\"Programa Estatal de Prevenci\u00f3n y Tratamiento Integral de Adicciones\"}]},{\"@type\":\"WebSite\",\"@id\":\"https:\\\/\\\/gobqro.gob.mx\\\/cecaqro\\\/#website\",\"url\":\"https:\\\/\\\/gobqro.gob.mx\\\/cecaqro\\\/\",\"name\":\"CECA QUER\u00c9TARO\",\"description\":\"Consejo Estatal Contra las Adicciones\",\"potentialAction\":[{\"@type\":\"SearchAction\",\"target\":{\"@type\":\"EntryPoint\",\"urlTemplate\":\"https:\\\/\\\/gobqro.gob.mx\\\/cecaqro\\\/?s={search_term_string}\"},\"query-input\":{\"@type\":\"PropertyValueSpecification\",\"valueRequired\":true,\"valueName\":\"search_term_string\"}}],\"inLanguage\":\"es\"}]}<\/script>\n<!-- \/ Yoast SEO plugin. -->","yoast_head_json":{"title":"Programa Estatal de Prevenci\u00f3n y Tratamiento Integral de Adicciones - CECA QUER\u00c9TARO","robots":{"index":"index","follow":"follow","max-snippet":"max-snippet:-1","max-image-preview":"max-image-preview:large","max-video-preview":"max-video-preview:-1"},"canonical":"https:\/\/gobqro.gob.mx\/cecaqro\/programa\/","og_locale":"es_MX","og_type":"article","og_title":"Programa Estatal de Prevenci\u00f3n y Tratamiento Integral de Adicciones - CECA QUER\u00c9TARO","og_description":"DESCARGA Antecedentes El consumo de sustancias psicoactivas en M\u00e9xico constituye un problema de salud p\u00fablica, que ha ido incrementando su impacto en la sociedad con el paso de los a\u00f1os, en medida que se han agudizado factores como la violencia, la desigualdad, la discriminaci\u00f3n y la exclusi\u00f3n, aunado a la.","og_url":"https:\/\/gobqro.gob.mx\/cecaqro\/programa\/","og_site_name":"CECA QUER\u00c9TARO","article_modified_time":"2022-03-31T01:25:36+00:00","og_image":[{"url":"https:\/\/gobqro.gob.mx\/cecaqro\/wp-content\/uploads\/2022\/03\/programaPrevTratamiento.jpg","type":"","width":"","height":""}],"twitter_card":"summary_large_image","twitter_misc":{"Tiempo de lectura":"1 minuto"},"schema":{"@context":"https:\/\/schema.org","@graph":[{"@type":"WebPage","@id":"https:\/\/gobqro.gob.mx\/cecaqro\/programa\/","url":"https:\/\/gobqro.gob.mx\/cecaqro\/programa\/","name":"Programa Estatal de Prevenci\u00f3n y Tratamiento Integral de Adicciones - CECA QUER\u00c9TARO","isPartOf":{"@id":"https:\/\/gobqro.gob.mx\/cecaqro\/#website"},"primaryImageOfPage":{"@id":"https:\/\/gobqro.gob.mx\/cecaqro\/programa\/#primaryimage"},"image":{"@id":"https:\/\/gobqro.gob.mx\/cecaqro\/programa\/#primaryimage"},"thumbnailUrl":"https:\/\/gobqro.gob.mx\/cecaqro\/wp-content\/uploads\/2022\/03\/programaPrevTratamiento.jpg","datePublished":"2022-03-31T01:06:26+00:00","dateModified":"2022-03-31T01:25:36+00:00","breadcrumb":{"@id":"https:\/\/gobqro.gob.mx\/cecaqro\/programa\/#breadcrumb"},"inLanguage":"es","potentialAction":[{"@type":"ReadAction","target":["https:\/\/gobqro.gob.mx\/cecaqro\/programa\/"]}]},{"@type":"ImageObject","inLanguage":"es","@id":"https:\/\/gobqro.gob.mx\/cecaqro\/programa\/#primaryimage","url":"https:\/\/gobqro.gob.mx\/cecaqro\/wp-content\/uploads\/2022\/03\/programaPrevTratamiento.jpg","contentUrl":"https:\/\/gobqro.gob.mx\/cecaqro\/wp-content\/uploads\/2022\/03\/programaPrevTratamiento.jpg","width":614,"height":800},{"@type":"BreadcrumbList","@id":"https:\/\/gobqro.gob.mx\/cecaqro\/programa\/#breadcrumb","itemListElement":[{"@type":"ListItem","position":1,"name":"Inicio","item":"https:\/\/gobqro.gob.mx\/cecaqro\/"},{"@type":"ListItem","position":2,"name":"Programa Estatal de Prevenci\u00f3n y Tratamiento Integral de Adicciones"}]},{"@type":"WebSite","@id":"https:\/\/gobqro.gob.mx\/cecaqro\/#website","url":"https:\/\/gobqro.gob.mx\/cecaqro\/","name":"CECA QUER\u00c9TARO","description":"Consejo Estatal Contra las Adicciones","potentialAction":[{"@type":"SearchAction","target":{"@type":"EntryPoint","urlTemplate":"https:\/\/gobqro.gob.mx\/cecaqro\/?s={search_term_string}"},"query-input":{"@type":"PropertyValueSpecification","valueRequired":true,"valueName":"search_term_string"}}],"inLanguage":"es"}]}},"_links":{"self":[{"href":"https:\/\/gobqro.gob.mx\/cecaqro\/wp-json\/wp\/v2\/pages\/3486","targetHints":{"allow":["GET"]}}],"collection":[{"href":"https:\/\/gobqro.gob.mx\/cecaqro\/wp-json\/wp\/v2\/pages"}],"about":[{"href":"https:\/\/gobqro.gob.mx\/cecaqro\/wp-json\/wp\/v2\/types\/page"}],"author":[{"embeddable":true,"href":"https:\/\/gobqro.gob.mx\/cecaqro\/wp-json\/wp\/v2\/users\/1"}],"replies":[{"embeddable":true,"href":"https:\/\/gobqro.gob.mx\/cecaqro\/wp-json\/wp\/v2\/comments?post=3486"}],"version-history":[{"count":0,"href":"https:\/\/gobqro.gob.mx\/cecaqro\/wp-json\/wp\/v2\/pages\/3486\/revisions"}],"wp:attachment":[{"href":"https:\/\/gobqro.gob.mx\/cecaqro\/wp-json\/wp\/v2\/media?parent=3486"}],"curies":[{"name":"wp","href":"https:\/\/api.w.org\/{rel}","templated":true}]}}